+ 3588*w**2. Is u(3) a prime number?
False
Suppose -4*l = y - 73, -5*l + 90 = y - 0*y. Suppose -l*k + 9 = -14*k. Is (-4)/(28/k) - 4294/(-7) a prime number?
True
Let z be ((-78)/4)/(6*4/64). Is (z/6)/1*3021/(-38) a prime number?
False
Let w(q) = 6*q**2 + 12*q - 24. Let y(d) = -d**2 + 10*d - 11. Let l be y(7). Let p be w(l). Suppose -2*s + 266 = -p. Is s prime?
False
Let q be (6/8)/(2939636/(-183728) - -16). Let y = q + -6034. Is y prime?
True
Let d = -354489 - -1042406. Is d a composite number?
False
Let z = 427010 - 214383. Is z prime?
True
Suppose -19*c + 23*c - 4*q = 256896, -c = -5*q - 64204. Is c composite?
True
Suppose 3476 = 165*l - 121*l. Is l a prime number?
True
Suppose -4*a - j + 11511 = 0, a + 5*j = 2*j + 2886. Let x = a - 1583. Suppose -10*o + 8*o = -x. Is o a prime number?
True
Suppose -22*l + 29*l + 385 = 0. Is (-64386)/(-15) + -3 + 22/l a prime number?
True
Let q(k) = 2*k**2 - 26*k + 22. Let n be q(12). Let b = 2 + n. Suppose b*x = -5*g + x + 4665, -2*g = 3*x - 1866. Is g prime?
False
Let v = 17323 + 4906. Is v composite?
False
Suppose -15*o = -5*m - 14*o + 44014, -4*o - 8799 = -m. Is m composite?
False
Suppose -3*h = 5*r - 346882, 0 = -2*h + 442*r - 440*r + 231260. Is h a composite number?
True
Suppose 7*z - 4*z = 48. Let t(a) = a**2 - 12*a - 61. Let s be t(z). Suppose 0 = -s*c + 527 + 1072. Is c a prime number?
False
Let r(s) = 14*s**2 + s - 1. Let k be r(-2). Let f = 39 - k. Is (-1334)/f - (-8)/(-28) a prime number?
False
Is (113254/3 - -12)/((-8)/(-12)) a prime number?
False
Let b = 1031 - 2583. Let h = -809 - b. Is h a prime number?
True
Suppose -7*n - 5*n - 84 = 0. Is (0 + n)*(19850/35)/(-5) composite?
True
Suppose 16 + 21 = 5*t - 3*f, 0 = -2*t - 2*f + 2. Suppose -t*u - 4957 = -m, 4*m - u = -0*u + 19866. Is m a composite number?
False
Suppose -33*o + 38*o = 20. Let r(f) = 26*f - 4*f + 11*f - 4 - 1. Is r(o) a prime number?
True
Let i(z) = -22*z**3 + 12*z**2 + 38*z - 15. Is i(-13) prime?
True
Let u = 847 + -847. Suppose u = -13*z - 1771 + 75650. Is z composite?
False
Let i(m) = -112*m - 8. Let h(o) be the first derivative of -56*o**2 - 9*o - 17. Let v(c) = -3*h(c) + 4*i(c). Is v(-6) a prime number?
False
Let l(v) = -92*v**3 + v**2 + 7*v - 8. Suppose 2*t = -4*q - 10, -17 = 5*q + t + 3. Is l(q) a prime number?
False
Let s be 6/81 - (-991701)/(-243). Let g = -1536 - s. Is g a composite number?
True
Let l = 389557 - 15138. Is l a composite number?
True
Let q be ((-24)/(-7))/((-15)/105). Let f = q - -34. Suppose 296 = -f*u + 18*u. Is u a composite number?
False
Suppose -2*b - 50969 = l, -29*b - 5*l = -26*b + 76443. Let q = -15589 - b. Is q a composite number?
True
Let d(h) = -14566*h**3 + 9*h**2 + 4*h - 8. Let g(q) = -21849*q**3 + 13*q**2 + 6*q - 12. Let z(x) = 7*d(x) - 5*g(x). Is z(1) prime?
True
Let g(f) = -1911*f + 3. Let j be g(-1). Is 0 + (j - (-7 + 2)) a composite number?
True
Let q be -3 - -6 - (-24)/6. Is (1566 - -1)*(q + -10)/(-3) composite?
False
Let x be (1 + (-4)/8*70)*-2752. Is x/6 + 13/39 composite?
True
Suppose 0 = -4*w - 1115 + 5459. Suppose 4*k - w = -i + 5*k, 0 = 4*i + 5*k - 4353. Is i a composite number?
False
Let l = 2153 + -565. Let w(m) = -7*m + 603. Let h be w(-42). Let j = l - h. Is j prime?
True
Suppose -712375 = -3*w + 2*q, w - 2*w + 5*q = -237493. Is w composite?
True
Let f(m) = -m - 3. Let s be f(-5). Let c(l) = -3 + l**s - 24*l + 34*l - 2. Is c(11) composite?
True
Let n(h) = -3*h**3 - 7*h**2 - 11*h - 9. Let x(t) = 4*t**3 + 6*t**2 + 11*t + 10. Let i(y) = 3*n(y) + 2*x(y). Is i(-10) prime?
False
Let w = -1941 + 6823. Is w prime?
False
Let i be (2 - (-2 + 5))*(-3 + -2). Let x(j) = -2*j**2 + 21*j - 27. Let t(n) = -3*n**2 + 20*n - 26. Let p(y) = i*x(y) - 6*t(y). Is p(8) composite?
True
Is -1*(-10 + 11 - 524) a prime number?
True
Let q = -182 - -181. Let k(b) = 16303*b**2 - 2*b - 4. Is k(q) a prime number?
True
Let a(t) = 67*t**2 - 85*t - 871. Is a(-28) prime?
True
Suppose h + 4*i - 88228 = -21297, -3*h = -i - 200754. Is h composite?
False
Suppose -5*u + 3*k = -5921, -3*u + 4*k = u - 4740. Let y = 2138 - u. Is y composite?
True
Suppose 0 = 4*a - 15033 + 5997. Let b = 2510 - 2508. Suppose b*f - a = -f. Is f prime?
False
Suppose 4*j = 328 + 2816. Let k(n) = -160*n - 373. Let r be k(-8). Suppose j + r = u. Is u a composite number?
False
Let d be -2 + (-15)/(3/(-1)). Suppose 4*r + 3901 = d*s, -5*s + 4*r = 9*r - 6490. Is s a composite number?
True
Suppose -6*k - 10212 = -2*k. Let j(d) = d**3 - 13*d**2 - 13*d - 12. Let w be j(14). Is w - 6/(18/k) a prime number?
True
Suppose -1704746 = 34*t - 3375295 - 4154841. Is t a prime number?
False
Suppose -5*g = -3*a - 7812 - 98860, -a + 42660 = 2*g. Suppose -3*b + 8*b = h + 26651, -g = -4*b - 2*h. Is b a prime number?
False
Suppose -5*i + 0*t + 2*t = -209, -2*i + 80 = -2*t. Let r = i + -56. Is -2*(-82 - 0) - (r + 10) a prime number?
True
Let s be 2/8 + (-58905)/36. Suppose -7153 - 4157 = -4*v - 2*y, -3*v = -4*y - 8477. Let z = v + s. Is z a composite number?
True
Let u(f) = 1198*f - 1778. Is u(60) composite?
True
Let z(b) = b**2 + 4*b - 16. Let m be z(3). Suppose 6333 = 2*r - m*p - 2628, -5*r + 22362 = p. Suppose 4*l - 1435 - r = 0. Is l composite?
True
Let o = 2151862 - 738089. Is o prime?
True
Let o(p) = 18*p**2 - 11*p - 12. Suppose -2*k + 14 = h, -3*k + h + 21 = -0*k. Is o(k) prime?
False
Suppose -2*l = 4*p + l - 4, 0 = p + 2*l + 4. Suppose 3*m + p*n - 2611 = 0, 0*m - m = -n - 882. Suppose -3*v = -m - 2. Is v prime?
True
Let a(l) = -l**3 + 3*l**2 + 2*l - 9. Let s be a(3). Let x(d) = -285*d - 34. Is x(s) a prime number?
True
Suppose 0 = 4*o + 23 + 17. Let n(v) = 8*v**3 - 5*v**2 - 20. Let f be n(o). Is f/(-12)*(-1)/(-2) prime?
False
Let y = -178300 - -424149. Is y a composite number?
False
Is 61 + -61 - (-161455 - -2) prime?
True
Suppose 0 = 2*d - 2*n - 66576, 5*n + 166439 = 5*d + n. Is d prime?
True
Suppose u - 192 = 4*b, -b + u + 19 = 67. Let j = -38 - b. Let p(o) = 5*o + 1. Is p(j) a prime number?
False
Let c(q) = 2419*q**2 + 824*q + 2. Is c(-3) a composite number?
False
Let g be 3/(-6)*406/(-21)*12. Is g + (-1 + 1 - 5/1) prime?
False
Let z be -4 - (5 + -2)*-2. Let h be (3/2)/(z/4). Suppose -i - h*q + 2168 = i, 3*i - 3253 = -5*q. Is i a composite number?
True
Let z = 398 - 402. Is (-28)/(-4) + (-844)/z composite?
True
Let l(c) = 814*c. Let n be l(-8). Let q = n + 21339. Is q prime?
True
Let s = 2216089 + -1487178. Is s a composite number?
False
Let m = 53261 + -37122. Is m composite?
False
Suppose 4*u + 4*q - 409444 = 0, -5*u - q = 45401 - 557230. Is u prime?
True
Let h be 1 - 1 - 8*2/(-4). Suppose -5*z - o = -37, -h*z = 2*o - 3*o - 26. Suppose 5*j + 5*g - 3175 = 0, -z*j - 2*g + 2540 = -3*j. Is j a prime number?
False
Suppose 3*o = o + 8. Suppose 5*x + 1817 = 4*r + 468, 2*r + 2*x - 670 = 0. Suppose -o*s + 547 = 3*p, 4*p = -4*s + r + 396. Is p prime?
False
Let g be 20/70 + (2 - (-80)/14). Suppose -3*z + 12 = 0, -4*z + 8 = -x - g. Suppose x = 15*t - 11*t - 472. Is t composite?
True
Let q be ((-12)/(-10))/((-26)/325*-5). Suppose -7*f - 5*x = -q*f - 1455, 1099 = 3*f - 4*x. Is f prime?
False
Let q be (25682 + -26)/(3/2). Let v = -5643 + q. Is v composite?
True
Let g(r) = -56*r + 3. Let v be g(-1). Suppose -5*h + 4*p - 15 = 249, -3*p = -5*h - 263. Let z = h + v. Is z composite?
False
Suppose 0 = 7*i - 953 - 937. Let u = 1263 - i. Is u prime?
False
Suppose 355*h - 396*h + 79909 = 0. Is h a composite number?
False
Suppose -214*o + 4846404 + 55116182 = 0. Is o a prime number?
True
Let s be 3*6/(-189) + (-382)/(-42). Is (-54)/s - (-20921 + (-4 - -2)) a prime number?
False
Let c = 321 - 315. Suppose 3071 - 22949 = -c*v. Is v composite?
False
Let s be (-112)/12*-303 - (6 + -3). Let b = -33 - -36. Suppose -4*v - 952 = -b*q + s, 2*q = v + 2518. Is q composite?
False
Suppose 37*a = -23*a + 3635700. Is a composite?
True
Let c(z) = 10381*z + 414. Let o be c(-8). Is o/(-10) + ((-35)/25 - -1) a prime number?
True
Let r(t) = -t**3 + 4*t**2 + 7*t + 2. Let l be r(-2). Suppose -3*s + 9767 = 5*q, 9783 = 3*s + 9*q - l*q. Is s a composite number?
False
Is (-134134028)/(-259) + (-26)/2 a prime number?
False
Let a(j) = 2*j**3 - 23*j**2 + 10*j + 2. Let y be a(11). Let q(x) = x**2 + 12*x + 21. Let m be q(y). Is 704 - -1 - (m + 10) prime?
True
Let k(x) = 18*x**2 - 23*x + 22. Let a be k(1). Supp